et t(x) = -7*x + 7. Let c(w) = -4*p(w) - t(w). Let d be c(-4). Let o be 5/1*(-9)/d. Calculate the highest common factor of o and 21.
3
Suppose -4*c = 5*i - 18, 0 = 2*i - 4*c - 17 - 7. Let p be ((-21)/(-9))/(2/i). Calculate the greatest common divisor of 56 and p.
7
Suppose 0 = 5*q - k - 23, -5*k + 5 = -2*q + q. Let t = -19 + 35. Suppose 4*n = -t, -b + n = 5 - 29. What is the greatest common divisor of q and b?
5
Let w = -3 + 6. Calculate the greatest common factor of w and 3.
3
Let v = 1 + 18. What is the highest common divisor of v and 19?
19
Let c be (-1)/3*-3*(-10)/(-2). What is the greatest common divisor of c and 1?
1
Suppose -3*j = 2*j - 175. Let a = 68 - j. Calculate the greatest common factor of 3 and a.
3
Let g(x) = 2*x**2 - 12*x - 13. Let l be g(10). Let u = l + 21. Let d be 10 + -1*(-3 + 2). What is the greatest common divisor of d and u?
11
Suppose 12 = 12*z - 180. Let w = 24 - -24. What is the greatest common divisor of z and w?
16
Let u be 3/(1*(-6)/4). Let f be u/((2 - 4)/8). Let o be 6/(-5)*(3 - f). What is the greatest common factor of o and 54?
6
Suppose 0 = -5*n + 25 + 45. Let u = 353 - 227. Calculate the greatest common factor of n and u.
14
Suppose 151 = 5*z + 4*l, -4*z = 2*l + 2*l - 124. Let f(a) = 0*a**2 - 6*a**2 - 2*a - a**3 - 10 + 1. Let v be f(-6). What is the highest common factor of z and v?
3
Suppose -32 = -3*o + 4*j - 1, -14 = -2*o + j. Calculate the highest common divisor of o and 2.
1
Let y(s) = 96*s**2 + 2*s + 1. Let a be y(-1). Suppose h = -4*v + 81, -3*h = h - 20. Calculate the greatest common divisor of v and a.
19
Let q = 59 + 4. Suppose 117 - 13 = 5*x + 2*j, j - q = -3*x. Suppose -5*m = 4*c - 435, -4*c + 0*m + 445 = -5*m. Calculate the highest common factor of x and c.
22
Suppose -5*i - 5*w = 15, 0 = -4*i + w + 2*w + 16. Let c be -105*(i + 1*-2). Suppose y + 4*y - c = 0. Calculate the highest common divisor of y and 7.
7
Suppose -5*i + 10 = 0, -5*f + 35 = -0*f - 5*i. Let h(c) = -2*c - 3*c - 7*c. Let g be h(-3). Calculate the highest common factor of g and f.
9
Let u be (4/(-6) + (-1)/3)*-1. Calculate the highest common factor of 2 and u.
1
Let s = 97 - 27. Suppose 0*x = -2*x + s. Let y = x + -24. Calculate the greatest common divisor of y and 121.
11
Let l(v) = v**3 - v**2 - v - 2. Let c be l(2). Let w(s) = -s**2 + s + 1. Let y be w(c). Let n = 5 - y. Calculate the highest common factor of 36 and n.
4
Suppose -43 = -3*n + 29. What is the greatest common divisor of 18 and n?
6
Let f be 10 - 1/2*-2. Suppose 0 = u - 2 - 9. Calculate the greatest common divisor of u and f.
11
Let c be 30/(-35)*28/(-6). What is the greatest common divisor of 28 and c?
4
Suppose -z = 3*z - 40. Calculate the greatest common factor of z and 20.
10
Let a(s) be the third derivative of s**5/60 - 5*s**4/12 + 5*s**3/3 - 3*s**2. Let z be a(10). What is the highest common divisor of 15 and z?
5
Let u = 0 + 4. Suppose 0 = 4*x - 0*w - 3*w - 251, -4*x - u*w + 272 = 0. Calculate the highest common divisor of 26 and x.
13
Let h = 3 + 11. Suppose 2*i = 2*x - h, 4 = -x + 5*i - 9. What is the highest common divisor of x and 18?
6
Let h = -25 - -41. What is the highest common factor of h and 144?
16
Let d be (-640)/(-11) - 4/22. Suppose -3*h - d = -4*z, h + 2 - 4 = 0. Suppose -2*q + z = -24. What is the highest common factor of q and 50?
10
Let f(j) = -j**3 - 6*j**2 - 6*j + 7. Let z be f(-5). Let i be (-2)/(-12) + 22/z. What is the highest common divisor of i and 16?
2
Suppose y + 55 = 5*d, -d - d + 15 = y. Calculate the highest common factor of 90 and d.
10
Let j(o) = 6*o**2 - 5*o - 13. Let a be j(4). Let s be 11 - 2/(-4)*-4. What is the highest common factor of s and a?
9
Suppose f + 3*y = 22, 2*f + 2*y - 18 = f. Let u = f - 5. What is the highest common factor of 35 and u?
5
Let w = -7 + 12. Suppose 0 = w*d + 26 - 76. Calculate the highest common factor of d and 15.
5
Let k = -2 + 14. Suppose 0*p - 5*g = 2*p + 9, 2*g = 2*p - k. What is the highest common factor of p and 9?
3
Suppose 5*x - 2*q + 29 - 75 = 0, -4*q + 8 = 0. Let a = -18 + 43. Calculate the highest common factor of x and a.
5
Let t(k) = -k**2 + 3*k + 2. Let d be t(3). Suppose 5*l - 365 = 5*o, -4*o = -d + 6. Let j = 0 - -8. Calculate the highest common divisor of j and l.
8
Let j be -1 + 15 + 2 + -4. Let c be -84*(-1 + 0)*1. Calculate the greatest common factor of j and c.
12
Let l(t) = -8*t + 2. Let k be l(-3). Let a(q) = 8*q**2 - 12*q - 30. Let y be a(-3). What is the highest common factor of k and y?
26
Let h be ((-2)/(-9) - (-35)/126)*32. What is the greatest common factor of 112 and h?
16
Let b be (3 - 10/4)*4. What is the greatest common factor of 5 and b?
1
Suppose -h = -2*h + 2*p - 8, 0 = -2*p + 10. Suppose -2*f - 16 = -h. Let m be 2/f - (-1352)/28. Calculate the highest common factor of 16 and m.
16
Let n(t) = t**3 - 4*t**2 + t. Let w be n(4). Suppose -59 - 56 = -3*q + 5*v, 5*v + 145 = w*q. What is the highest common divisor of 10 and q?
10
Let x be (-1)/2 + (-35)/2. Let t = x - -42. Calculate the greatest common divisor of 12 and t.
12
Let b(x) = 22*x**3 - 2*x**2 + 4*x - 3. Let n be b(1). Calculate the greatest common factor of n and 21.
21
Let g(s) = -4*s + 5 + 5*s - 2*s. Let p be g(-4). Calculate the greatest common divisor of p and 45.
9
Let t(f) = f**3 - 3*f**2 + 2*f + 2. Let i be t(3). Suppose 3*n = n + 32. Calculate the highest common factor of n and i.
8
Let l(h) = h**2 + 8*h - 13. Let r(w) = -w**2 - 9*w + 12. Let a(y) = 4*l(y) + 5*r(y). Let o be a(-12). Calculate the greatest common factor of o and 220.
20
Let n = -63 - -72. What is the highest common divisor of n and 9?
9
Suppose 0 = -2*y + 4*s + 84, -y = -2*s + 3*s - 27. Suppose -h + 3*f + 36 = 0, -56*f + 104 = 2*h - 54*f. What is the greatest common divisor of h and y?
16
Let c be 2/8 + (-259)/(-4). Calculate the greatest common divisor of c and 26.
13
Suppose -5*d + 2*t + 174 = 0, -2*d - 4*t - t = -87. Let l = 100 - d. What is the highest common divisor of 8 and l?
8
Let l = -102 - -121. Calculate the greatest common divisor of l and 95.
19
Let k be (17 - -2)/((-4)/(-12)). Suppose 5*y - 25 = v - 2*v, -5*y + 30 = 2*v. Suppose 7 = -v*d + 197. What is the greatest common divisor of d and k?
19
Let v(y) = y**2 + 2*y - 12. Let c be v(-6). Calculate the highest common factor of c and 12.
12
Let g(i) = 40*i + 1. Let d be g(1). Let p = d + -27. Let x be (4 + -3)/((-1)/(-14)). What is the greatest common factor of p and x?
14
Let z be (216/(-15))/(1/(-10)). Suppose 2*b + 33 = -b. Let m = b + 27. What is the highest common divisor of m and z?
16
Suppose 4 - 3 = b. Suppose d - 7 + b = 0. Calculate the highest common divisor of 15 and d.
3
Let i be 3 - 2/1*(-4 + -2). Calculate the highest common factor of i and 120.
15
Let c be 9/(27/(-12)) + 12. Calculate the highest common factor of 64 and c.
8
Let w be (-4)/(-5)*(14 + -4). What is the highest common factor of 2 and w?
2
Let t = 20 + -15. What is the highest common divisor of 5 and t?
5
Let b(j) = 2*j + 14. Let n be b(-6). Suppose 39 = f - 4*l, 4*l - 66 = -0*f - n*f. What is the greatest common divisor of 5 and f?
5
Let l = 238 + -138. What is the greatest common factor of l and 20?
20
Suppose 5*s + 1 = 11. Let u = 68 - 54. Calculate the highest common divisor of u and s.
2
Let q = 442 - 312. Let w be q/4 + 3/(-6). Suppose 5*u - w = 8. What is the highest common factor of u and 16?
8
Suppose -2*j = 3*j - 440. Calculate the greatest common divisor of 8 and j.
8
Let r(i) = -i**3 + 4*i**2 - 2*i + 6. Let j be r(3). What is the highest common factor of 3 and j?
3
Suppose -14 - 16 = -3*f. What is the highest common divisor of 10 and f?
10
Let x = -67 - -148. What is the greatest common factor of x and 9?
9
Let q = 2 + 7. Let x be ((-120)/q + -2)*-12. Calculate the greatest common factor of 23 and x.
23
Let l = 37 - 1. Let n = l - 19. What is the highest common factor of n and 119?
17
Suppose 7 = j + 1. Let f(g) = -2 - 8*g - 3 + 3 + 0*g. Let i be f(-4). Calculate the highest common factor of j and i.
6
Suppose -3*c - 15 = 0, -4*c + 30 + 10 = -2*r. Let b = 54 + r. Calculate the highest common divisor of 16 and b.
8
Let m(g) = 3*g**3 - g**2 + 5*g. Let h be m(2). What is the greatest common factor of h and 120?
30
Suppose 5*h + 5*j - 10 = -0*j, -h + 14 = -5*j. Suppose 0*a + 7